he highest common factor of 63754 and 254?
254
Calculate the greatest common factor of 1113 and 351231.
159
What is the greatest common factor of 5721618 and 46?
46
What is the greatest common factor of 314 and 36581?
157
Calculate the greatest common divisor of 20952 and 5832.
216
Calculate the greatest common divisor of 169 and 120315.
13
Calculate the greatest common factor of 476 and 159188.
68
Calculate the highest common divisor of 176 and 428912.
176
What is the greatest common factor of 68860 and 2420?
220
Calculate the highest common factor of 37720 and 1472.
184
Calculate the greatest common factor of 56230 and 10.
10
Calculate the greatest common factor of 3185560 and 1085.
1085
Calculate the highest common divisor of 105 and 239160.
15
Calculate the greatest common divisor of 381 and 42037.
127
Calculate the greatest common divisor of 14668 and 8132.
76
Calculate the greatest common divisor of 20480 and 460.
20
Calculate the highest common factor of 2535 and 42.
3
What is the highest common divisor of 10390 and 10?
10
What is the greatest common factor of 11696 and 4352?
272
What is the highest common factor of 50176 and 1519?
49
What is the highest common factor of 171 and 759753?
171
What is the highest common factor of 75852 and 2196?
36
Calculate the highest common factor of 10563 and 987.
21
Calculate the greatest common factor of 17116 and 11281.
389
Calculate the highest common divisor of 248 and 127534.
62
Calculate the greatest common divisor of 822 and 2302422.
822
Calculate the greatest common factor of 567 and 154539.
63
What is the greatest common divisor of 11 and 266013?
11
What is the greatest common factor of 1128 and 3048?
24
What is the greatest common factor of 126 and 37107?
63
Calculate the highest common divisor of 10760 and 2160.
40
What is the highest common factor of 66 and 46104?
6
Calculate the greatest common factor of 2243164 and 308.
308
Calculate the highest common divisor of 203 and 43413.
29
What is the greatest common divisor of 119 and 138397?
119
What is the greatest common factor of 116240 and 20?
20
What is the highest common factor of 72352 and 884?
68
Calculate the highest common divisor of 854 and 3024.
14
What is the greatest common factor of 10 and 7270?
10
What is the highest common divisor of 853 and 11089?
853
What is the greatest common divisor of 37030 and 385?
35
Calculate the greatest common divisor of 1208 and 1536.
8
What is the greatest common divisor of 182 and 1498?
14
Calculate the highest common divisor of 1496 and 8162.
22
What is the greatest common divisor of 496958 and 210?
14
Calculate the highest common factor of 12282 and 21894.
534
Calculate the greatest common divisor of 1132 and 689671.
283
Calculate the highest common factor of 832 and 2990.
26
Calculate the greatest common divisor of 446004 and 156.
156
What is the highest common factor of 222507 and 469?
67
What is the greatest common factor of 57890 and 245?
35
Calculate the highest common factor of 24 and 195264.
24
Calculate the highest common factor of 22715 and 2200.
55
What is the highest common factor of 503400 and 18?
6
Calculate the highest common divisor of 832 and 40664.
104
Calculate the highest common factor of 448 and 185920.
448
What is the greatest common factor of 566463 and 93?
93
Calculate the highest common divisor of 91014 and 330.
66
Calculate the greatest common divisor of 324 and 567324.
324
Calculate the highest common divisor of 3575 and 6281.
11
Calculate the highest common divisor of 1568 and 6454.
14
Calculate the highest common divisor of 44526 and 31242.
246
What is the greatest common factor of 2954 and 24054?
422
Calculate the highest common divisor of 910 and 113470.
70
Calculate the highest common divisor of 8695 and 259.
37
What is the greatest common factor of 2950 and 19025?
25
Calculate the greatest common divisor of 4276 and 328183.
1069
Calculate the highest common factor of 262800 and 292.
292
Calculate the greatest common factor of 49595 and 455.
455
What is the highest common factor of 224004 and 792?
132
What is the greatest common divisor of 992116 and 388?
388
Calculate the highest common divisor of 81634 and 3570.
238
Calculate the greatest common factor of 32000 and 616960.
1280
Calculate the greatest common factor of 376431 and 183.
183
What is the highest common factor of 494 and 6838?
26
What is the greatest common divisor of 25299 and 927?
9
What is the highest common divisor of 88 and 19360?
88
What is the highest common factor of 16 and 4488872?
8
What is the greatest common factor of 4608 and 1641600?
1152
What is the greatest common factor of 16 and 426992?
16
What is the greatest common divisor of 4456 and 552?
8
Calculate the greatest common divisor of 3333664 and 8.
8
Calculate the greatest common factor of 2205615 and 855.
285
What is the greatest common divisor of 4216 and 39848?
136
What is the highest common factor of 56669 and 61?
61
Calculate the greatest common factor of 1708528 and 32.
16
What is the greatest common factor of 30618 and 20250?
162
What is the greatest common factor of 10988 and 1148?
164
Calculate the highest common divisor of 242 and 179509.
11
What is the greatest common factor of 36 and 120294?
18
Calculate the greatest common divisor of 40 and 3844.
4
Calculate the greatest common divisor of 471 and 74732.
157
Calculate the highest common divisor of 14 and 76176.
2
Calculate the greatest common divisor of 132776 and 280.
56
Calculate the greatest common divisor of 567423 and 603.
603
Calculate the highest common factor of 361 and 4004573.
361
Calculate the greatest common divisor of 640 and 5776.
16
What is the highest common factor of 541136 and 29457?
1091
What is the highest common factor of 4831781 and 313?
313
Calculate the highest common factor of 901032 and 120.
24
What is the highest common divisor of 17 and 130373?
17
What is the highest common divisor of 891989 and 9678?
1613
Calculate the greatest common divisor of 554 and 1586656.
554
What is the greatest common factor of 2902740 and 40?
20
Calculate the greatest common factor of 420 and 603300.
60
Calculate the greatest common divisor of 243 and 136728.
81
What is the greatest common factor of 20 and 15740?
20
What is the highest common divisor of 521 and 626?
1
Calculate the greatest common divisor of 8220 and 116039.
137
Calculate the greatest common divisor of 275949 and 9.
9
What is the highest common divisor of 26360 and 12?
4
Calculate the highest common divisor of 210 and 24060.
30
What is the greatest common divisor of 1352898 and 90?
18
Calculate the highest common factor of 273 and 291.
3
Calculate the highest common factor of 764 and 6687674.
382
Calculate the greatest common factor of 42650 and 150.
50
Calculate the greatest common factor of 198 and 100276.
22
Calculate the highest common divisor of 2140 and 490.
10
What is the greatest common divisor of 806 and 13423?
31
Calculate the highest common factor of 4617 and 756.
27
What is the greatest common factor of 41607 and 999?
27
Calculate the highest common divisor of 65995 and 31126.
197
What is the greatest common factor of 2474845 and 760?
95
What is the greatest common divisor of 336 and 861?
21
What is the highest common divisor of 5730 and 150?
30
What is the highest common divisor of 6182 and 7084?
22
Calculate the greatest common divisor of 7 and 31633.
7
What is the highest common divisor of 105 and 3353875?
35
What is the greatest common factor of 1548 and 873846?
774
Calculate the greatest common divisor of 2582848 and 192.
64
Calculate the highest common factor of 1012 and 25852.
92
Calculate the highest common factor of 192 and 51816.
24
What is the greatest common divisor of 305 and 933544?
61
Calculate the greatest common divisor of 135 and 7395.
15
Calculate the greatest common factor of 224 and 1268832.
32
Calculate the highest common divisor of 128 and 9536.
64
Calculate the greatest common divisor of 13 and 121819.
1
What is the highest common factor of 217 and 1629236?
217
What is the greatest common divisor of 69328 and 266?
14
What is the highest common divisor of 34947 and 27?
9
What is the highest common factor of 28 and 224780?
4
Calculate the highest common factor of 